2
Calculate the remainder when 103 is divided by 66.
37
Calculate the remainder when 223 is divided by 10.
3
What is the remainder when 917 is divided by 54?
53
What is the remainder when 12801 is divided by 291?
288
What is the remainder when 195 is divided by 109?
86
Calculate the remainder when 546 is divided by 61.
58
Calculate the remainder when 25 is divided by 17.
8
What is the remainder when 129 is divided by 36?
21
What is the remainder when 190 is divided by 130?
60
Calculate the remainder when 47 is divided by 14.
5
Calculate the remainder when 3290 is divided by 97.
89
Calculate the remainder when 1408 is divided by 94.
92
Calculate the remainder when 739 is divided by 93.
88
What is the remainder when 107 is divided by 65?
42
Calculate the remainder when 2600 is divided by 84.
80
What is the remainder when 299 is divided by 10?
9
What is the remainder when 919 is divided by 40?
39
What is the remainder when 52 is divided by 9?
7
What is the remainder when 1888 is divided by 30?
28
Calculate the remainder when 76 is divided by 30.
16
Calculate the remainder when 109 is divided by 85.
24
Calculate the remainder when 230 is divided by 101.
28
Calculate the remainder when 849 is divided by 25.
24
What is the remainder when 75 is divided by 39?
36
What is the remainder when 3178 is divided by 30?
28
Calculate the remainder when 432 is divided by 88.
80
What is the remainder when 366 is divided by 355?
11
Calculate the remainder when 223 is divided by 56.
55
Calculate the remainder when 3185 is divided by 793.
13
Calculate the remainder when 8409 is divided by 81.
66
What is the remainder when 241 is divided by 75?
16
What is the remainder when 1163 is divided by 11?
8
What is the remainder when 137 is divided by 38?
23
Calculate the remainder when 3184 is divided by 21.
13
What is the remainder when 9402 is divided by 1879?
7
What is the remainder when 135 is divided by 20?
15
Calculate the remainder when 812 is divided by 34.
30
What is the remainder when 1669 is divided by 553?
10
Calculate the remainder when 820 is divided by 204.
4
What is the remainder when 126 is divided by 49?
28
What is the remainder when 247 is divided by 15?
7
What is the remainder when 276 is divided by 188?
88
What is the remainder when 456 is divided by 9?
6
What is the remainder when 22139 is divided by 20?
19
Calculate the remainder when 62 is divided by 47.
15
What is the remainder when 252 is divided by 24?
12
Calculate the remainder when 203 is divided by 34.
33
What is the remainder when 145 is divided by 25?
20
Calculate the remainder when 1320 is divided by 93.
18
Calculate the remainder when 1632 is divided by 91.
85
Calculate the remainder when 75 is divided by 5.
0
What is the remainder when 49 is divided by 47?
2
Calculate the remainder when 831 is divided by 13.
12
What is the remainder when 95 is divided by 74?
21
Calculate the remainder when 242 is divided by 4.
2
What is the remainder when 244 is divided by 124?
120
What is the remainder when 71 is divided by 22?
5
What is the remainder when 1555 is divided by 41?
38
What is the remainder when 156 is divided by 47?
15
What is the remainder when 326 is divided by 8?
6
What is the remainder when 391 is divided by 44?
39
What is the remainder when 1833 is divided by 17?
14
Calculate the remainder when 698 is divided by 140.
138
Calculate the remainder when 1287 is divided by 36.
27
Calculate the remainder when 1199 is divided by 25.
24
Calculate the remainder when 97 is divided by 71.
26
Calculate the remainder when 67 is divided by 45.
22
Calculate the remainder when 397 is divided by 20.
17
Calculate the remainder when 1691 is divided by 32.
27
What is the remainder when 2465 is divided by 24?
17
What is the remainder when 574 is divided by 72?
70
Calculate the remainder when 1878 is divided by 12.
6
Calculate the remainder when 1064 is divided by 107.
101
Calculate the remainder when 452 is divided by 112.
4
What is the remainder when 943 is divided by 336?
271
What is the remainder when 3922 is divided by 25?
22
What is the remainder when 255 is divided by 41?
9
What is the remainder when 39 is divided by 11?
6
Calculate the remainder when 613 is divided by 106.
83
Calculate the remainder when 102 is divided by 40.
22
Calculate the remainder when 310 is divided by 37.
14
What is the remainder when 178 is divided by 13?
9
Calculate the remainder when 186 is divided by 93.
0
Calculate the remainder when 608 is divided by 13.
10
Calculate the remainder when 321 is divided by 145.
31
What is the remainder when 7 is divided by 3?
1
What is the remainder when 138 is divided by 39?
21
Calculate the remainder when 2492 is divided by 37.
13
What is the remainder when 4927 is divided by 85?
82
Calculate the remainder when 238 is divided by 50.
38
Calculate the remainder when 272 is divided by 92.
88
Calculate the remainder when 400 is divided by 143.
114
Calculate the remainder when 2543 is divided by 28.
23
What is the remainder when 201 is divided by 44?
25
What is the remainder when 3779 is divided by 60?
59
Calculate the remainder when 19686 is divided by 184.
182
Calculate the remainder when 866 is divided by 2.
0
Calculate the remainder when 140 is divided by 48.
44
What is the remainder when 160 is divided by 36?
16
What is the remainder when 8678 is divided by 248?
246
What is the remainder when 3077 is divided by 39?
35
What is the remainder when 1286 is divided by 10?
6
Calculate the remainder when 308 is divided by 53.
43
Calculate the remainder when 411 is divided by 149.
113
What is the remainder when 260 is divided by 87?
86
What is the remainder when 840 is divided by 25?
15
Calculate the remainder when 764 is divided by 18.
8
Calculate the remainder when 360 is divided by 26.
22
What is the remainder when 619 is divided by 159?
142
Calculate the remainder when 4281 is divided by 102.
99
Calculate the remainder when 872 is divided by 54.
8
What is the remainder when 4887 is divided by 288?
279
What is the remainder when 974 is divided by 125?
99
What is the remainder when 8739 is divided by 20?
19
What is the remainder when 501 is divided by 42?
39
Calculate the remainder when 3793 is divided by 73.
70
What is the remainder when 371 is divided by 7?
0
What is the remainder when 428 is divided by 191?
46
What is the remainder when 1645 is divided by 103?
100
Calculate the remainder when 42 is divided by 4.
2
What is the remainder when 19 is divided by 6?
1
What is the remainder when 190 is divided by 114?
76
What is the remainder when 1524 is divided by 109?
107
Calculate the remainder when 74 is divided by 71.
3
What is the remainder when 44 is divided by 9?
8
What is the remainder when 1589 is divided by 111?
35
What is the remainder when 57 is divided by 11?
2
Calculate the remainder when 3820 is divided by 26.
24
Calculate the remainder when 262 is divided by 17.
7
Calculate the remainder when 426 is divided by 140.
6
Calculate the remainder when 1033 is divided by 989.
44
What is the remainder when 312 is divided by 65?
52
What is the remainder when 204 is divided by 42?
36
What is the remainder when 9 is divided by 4?
1
What is the remainder when 6188 is divided by 7?
0
What is the remainder when 553 is divided by 107?
18
What is the remainder when 1229 is divided by 263?
177
What is the remainder when 278 is divided by 4?
2
Calculate the remainder when 1399 is divided by 74.
67
What is the remainder when 181 is divided by 31?
26
Calculate the remainder when 345 is divided by 63.
30
Calculate the remainder when 1097 is divided by 22.
19
What is the remainder when 1303 is divided by 78?
55
What is the remainder when 340 is divided by 19?
17
Calculate the remainder when 162 is divided by 15.
12
What is the remainder when 35 is divided by 12?
11
What is the remainder when 88 is divided by 4?
0
Calculate the remainder when 28 is divided by 19.
9
What is the remainder when 503 is divided by 42?
41
Calculate the remainder when 1973 is divided by 31.
20
Calculate the remainder when 107 is divided by 12.
11
What is the remainder when 93 is divided by 45?
3
Calculate the remainder when 12985 is divided by 13.
11
What is the remainder when 655 is divided by 66?
61
What is the remainde